 p.
2, 11
What are the prime factors of (-825 + -3)*(-120)/45?
2, 3, 23
What are the prime factors of (2/(20/12345))/(2/4)?
3, 823
Let u(q) = -29*q**3 + q**2 + 2*q + 1. Let d(t) = -t**2 + 7*t - 3. Let s be d(6). Suppose 4*h - 7*h - s = 0. What are the prime factors of u(h)?
29
Suppose 11477 = 12*y + 11*y. What are the prime factors of y?
499
Suppose 0 = 3*j + 4*i + 29, 6 = -2*j + i - 17. Let s = j - -15. Suppose s*k - 16 = 32. What are the prime factors of k?
2, 3
Let r(f) = -27*f**2 + 29*f**2 - 5 - 6 - 9*f. List the prime factors of r(8).
3, 5
Let x(h) = -2*h**2 - 21*h + 2. List the prime factors of x(-8).
2, 3, 7
What are the prime factors of ((-104)/20)/((-19)/7315)?
2, 7, 11, 13
Suppose -849 - 1356 = -3*x. Suppose -5*n + x = -0*n. What are the prime factors of n?
3, 7
Let v(s) = -4*s**3 + 5*s - 6. Suppose 3*f = 10 - 19. List the prime factors of v(f).
3, 29
Let d(u) = 4*u**2 - 6*u - 1. Let n = 0 - 6. Let a be d(n). Suppose -g + 0*g = -c + 31, 0 = 5*c + 3*g - a. List the prime factors of c.
2, 17
Suppose -r = -5*p + 1311 + 1717, -5*p - 3*r + 3016 = 0. List the prime factors of p.
5, 11
Suppose 61*d = 35*d + 60320. What are the prime factors of d?
2, 5, 29
Let p(o) = 18*o + 2. Let i be p(1). Suppose -3*a - 10 = 2*f - 0*f, a - 5 = f. Let u = a + i. List the prime factors of u.
2, 5
Let m be 11 + 2 - (3 - 1). Let x(j) = -j**3 + 10*j**2 + 16*j - 11. Let p be x(m). Let w = -24 + p. List the prime factors of w.
2, 5
Suppose 10*v - 7*v = 7341. What are the prime factors of v?
2447
Suppose -l - h + 1474 = 0, 3*h + 23 - 35 = 0. What are the prime factors of l?
2, 3, 5, 7
Suppose -f + 7 = -11. List the prime factors of (20 + 1)*24/f.
2, 7
Suppose 2058 + 70146 = 33*a. List the prime factors of a.
2, 547
Let g be (-58)/8*(10 - 18). Let y = 3 + g. List the prime factors of y.
61
Let l(h) = h + 6. Let t be l(-4). Suppose -4*q = i - 6, -t*i - 12 = -5*q - i. Suppose -87 = -q*c + 5*n, -2*n - 20 = 2*n. What are the prime factors of c?
31
Let s(x) = 140*x - 48. List the prime factors of s(17).
2, 11, 53
Let q = -1086 - -1501. List the prime factors of q.
5, 83
Let o = 34 + -24. Let c(k) = -k**2 + 10*k + 12. List the prime factors of c(o).
2, 3
Let m = -698 + 4053. List the prime factors of m.
5, 11, 61
Let d = 2974 - 1897. What are the prime factors of -3*2/(-24) + d/12?
2, 3, 5
Let g be -2 + (-28)/(-13) - 168/78. List the prime factors of 2 - (5 + 129)*1/g.
3, 23
Let g be (-2658)/12 + (-3)/6. Let a = 12 - g. List the prime factors of a.
2, 3, 13
Let o(h) = -h + 4. Let m(s) = -4*s**3 + s**2 + s. Let y be m(-1). Let l be o(y). Suppose l = 2*f - 2*z - 64, 2*z = 4*f - 58 - 74. List the prime factors of f.
2, 17
Let w = -64 + 2272. What are the prime factors of w?
2, 3, 23
Let l = 40 - 38. Suppose -l*q - 5*q = -280. List the prime factors of q.
2, 5
Let g(p) = -4*p**3 + 7*p**2 + 23*p + 6. What are the prime factors of g(-5)?
2, 283
Suppose 48 = -275*k + 276*k. What are the prime factors of k?
2, 3
Let n(v) be the first derivative of 13*v**2/2 - 2*v + 1. Suppose -14*z + z = -26. What are the prime factors of n(z)?
2, 3
Let q = -27 - -9. Let v = q + 54. Let x = v - 23. What are the prime factors of x?
13
Let f(z) = -7*z**3 + 4*z**2 + 7*z + 6. Suppose 3*x - 7*q + 2*q - 14 = 0, -2*q - 10 = x. List the prime factors of f(x).
2
Suppose 2*m = 20 - 8. Let t be m/15 - (-2)/(-5). Suppose -3*x - 134 = -4*p - 2*x, -4*x - 8 = t. What are the prime factors of p?
3, 11
Suppose 4*v = -2*w + 44, -w = -3*v + 4 - 1. What are the prime factors of w?
2, 3
List the prime factors of 5*1 + 7602/(7 - -7).
2, 137
Let o(w) = w**3 - w**2 - 12. Let u(y) = y**3 + 7*y**2 + y + 7. Let r be u(-7). Let k be o(r). Let l = -7 - k. What are the prime factors of l?
5
Suppose -r = r + 2*h + 4, -3*r + 3*h = 0. Let k(t) be the third derivative of -17*t**6/120 + t**5/30 - t**3/6 - 5*t**2. List the prime factors of k(r).
2, 3
Let m(g) = -g + 15. Let v be m(12). What are the prime factors of 1/v - (-202)/6?
2, 17
Let v be 1*(5 - 2 - 3). Suppose -p + v*p + 9 = 0. What are the prime factors of p?
3
Let d be (2/3)/(2/(-30)). Let i = d + 158. What are the prime factors of i?
2, 37
Let n(r) = 5 - r - 5 + 6 + 3. Let a be n(6). Suppose 3*u - 21 = d, a*d + 0*d = -9. What are the prime factors of u?
2, 3
Let o be -2 + 1 + (-68)/(-4). Let g = -12 + o. Suppose -g*c + 35 + 53 = 0. List the prime factors of c.
2, 11
Suppose 5 = 5*m + 5*f, 0 = -4*m + f + 3*f + 20. Suppose m*w + 14 - 29 = 0. Suppose -330 + 115 = -w*n. List the prime factors of n.
43
Let h(f) = -5*f + 12. Let c = 31 - 37. What are the prime factors of h(c)?
2, 3, 7
Let j = 47 + -88. Let b = 57 + j. List the prime factors of (76/b)/(2/8).
19
Let j(y) = -y**2 - y + 3. Let b be j(0). Let s be 4 + 2 + -2 + b. Suppose 58 = 3*u + s. List the prime factors of u.
17
Let z(p) = -p**3 - p**2 - p + 3. Suppose 0*m + 2*m = 0. Let q be z(m). List the prime factors of -4 + 39 + q + 4.
2, 3, 7
Let u(x) = 2*x**2 - 8*x + 11. Let w be u(2). Suppose s - 13 = -w*f, -2*s - s + 3*f = -99. What are the prime factors of s?
2, 7
Let f(v) = v**3 - 10*v**2 + 12*v + 70. What are the prime factors of f(15)?
5, 11
Suppose 3*w - 6 = 0, 5*b - 13 = 2*b - 2*w. Suppose 0 = -b*o + 2*o + 2. Suppose -3*g + 4 = -o. List the prime factors of g.
2
Suppose 6*n = 7*n + 2*b - 6, 0 = -n - 3*b + 8. Suppose -n*p = 3*j - 781, 3*j + 5*p - 506 = j. What are the prime factors of j?
263
Let j = -1 - 1. Let b(k) = -k**3 - 3*k**2 - 2*k + 2. Let r be b(j). Suppose 5*a - 48 = r*a. What are the prime factors of a?
2
Suppose 4*t - 2745 = -3*v, -1 = v - 4. Suppose y + 5*y = t. List the prime factors of y.
2, 3, 19
Let w = 1 + -7. Let r(x) = -x - 10. Let b be r(w). What are the prime factors of (-4)/(-5)*(-170)/b?
2, 17
Let l be ((-189)/252)/(2/24*-1). Suppose 1250 = l*f - 262. List the prime factors of f.
2, 3, 7
Let r(h) be the third derivative of h**6/120 + h**5/10 - h**4/24 - 2*h**3/3 + 52*h**2. Let k be -5 + (-2 + 1)/(-1). List the prime factors of r(k).
2
Let w = 65 - 62. Suppose -w*j - 66 = -z, -5*z + 2*j + 270 = -j. What are the prime factors of z?
3, 17
Let v(p) be the first derivative of -3*p**2 + 11*p - 6. Let w be 1/((-28)/9 - (-4 + 1)). What are the prime factors of v(w)?
5, 13
Let r = -508 - -1064. What are the prime factors of r?
2, 139
Suppose 3*t = 5*r - 19, 5*r = 7*r - t - 7. List the prime factors of 7720/28 + r/7.
2, 3, 23
Let i = -392 - -1437. What are the prime factors of i?
5, 11, 19
Let c = 555 + -301. Let q = c - 65. List the prime factors of q.
3, 7
List the prime factors of -1 + 3135/12 + 3/4.
3, 29
Suppose 32 = 9*v - 5*v. Let z = v - 6. Suppose 3*b - 3*n - 10 = -7*n, -z*b + 5 = n. What are the prime factors of b?
2
Suppose 84*l - 87*l = -462. Let a = -6 + l. List the prime factors of a.
2, 37
Suppose -3*g - s = -12, 2*s = -2*g + 5 + 7. Let q = g - 0. Suppose 38 = 2*y + p - 40, y + q*p = 29. List the prime factors of y.
41
Let x(t) = 3*t**3 - 27*t**2 + 3*t - 3. Let i be x(9). Let h = 5 - 0. Suppose -h*m = -41 - i. List the prime factors of m.
13
Let q = 101 - 26. Suppose 5*h - 5*y + q = 0, -3*h - 25 = h + 3*y. What are the prime factors of (-2772)/(-70) + (-4)/h?
2, 5
Let v = -678 + 380. Let p = v - -482. What are the prime factors of p?
2, 23
Suppose 0 = 3*z + 3*f - 2367, 2391 = 3*z - 22*f + 17*f. What are the prime factors of z?
2, 3, 11
Let v = -35 - -50. Suppose -5*l - v = -6*l. What are the prime factors of l?
3, 5
Suppose 8*y + 58 - 898 = 0. Suppose 183 = -y*c + 106*c. What are the prime factors of c?
3, 61
Suppose 0 = -3*o + 5*b - b + 564, 0 = -3*o - 4*b + 564. Suppose o - 544 = -5*q + 4*x, 0 = 3*x + 12. List the prime factors of q.
2, 17
Suppose -7*u + 11*u = 0. Suppose u = -5*f + w - 5, -2*f - 2*f - w = -5. Let y = 24 - f. List the prime factors of y.
2, 3
Suppose 5 = 5*y - 10. Let j be 2 - (8 - y) - -174. Let i = j + -102. What are the prime factors of i?
3, 23
Let n(c) = 38*c**3 - 3*c**2 - c + 1. Let v be n(-1). Let h = 50 + v. List the prime factors of h.
11
Suppose -2*v + 1208 = -5*m, 0 = 4*v + m - 6*m - 2436. List the prime factors of v.
2, 307
Let j = 1064 + -739. What are the prime factors of j?
5, 13
Suppose 3*x + 7*b = 11*b + 272, -208 = -2*x - 4*b. What are the prime factors of (-36)/x + (-1526)/(-16)?
5, 19
Suppose -4*r = -15 - 9. Let d(s) = 8*s - 16. What are the